culate the greatest common factor of 88 and a.
8
Let h be ((-6)/(-3) + -3)*-2*4. What is the greatest common factor of h and 8?
8
Suppose -5*r + 0 = -20. Let d be (72/21)/(8/84). What is the highest common divisor of d and r?
4
Suppose 2*r - 49 = 23. Calculate the highest common factor of 4 and r.
4
Let b be ((-57)/9)/(5/(-45)). Calculate the greatest common divisor of b and 19.
19
Suppose -7 = 2*h - u - 39, -42 = -3*h + 3*u. Calculate the highest common factor of h and 234.
18
Let w = -12 - -6. Let y = w - -9. Calculate the highest common factor of y and 21.
3
Suppose -2*q = 8*q - 440. Calculate the greatest common divisor of 4 and q.
4
Suppose -1 = 3*d - 2*g, -g = -3*g + 4. Let i be d + (1 - 2 - 0). Let l be i/(-1*3) - -69. What is the greatest common divisor of 23 and l?
23
Let u = 8 - 18. Let j = 16 + u. Calculate the highest common divisor of j and 24.
6
Let s(n) = n**3 - 4*n**2 + 2*n + 5. Let z be s(4). Let d be 106 - 3*(-4)/(-6). Calculate the greatest common divisor of d and z.
13
Suppose 2*g - 4*x - 36 = 0, -4*x + 12 = -0*g + 2*g. Let d(c) = 26*c - 2. Let n be d(1). What is the greatest common divisor of g and n?
12
Let d(f) = f**2 + f - 7 + 3 + 0*f**2 + 0*f. Let t be d(-8). Suppose -4*m + t = -j + 2*j, m = -j + 10. What is the highest common factor of m and 112?
14
Let t be (3 - 0)/((-2)/(-54)). Let b be (9/6)/((-2)/(-12)). Calculate the greatest common divisor of t and b.
9
Let r be 1 - -11 - (1 - -2). Let o = r - -1. Let a be 146/10 + (-2)/(-5). Calculate the highest common factor of o and a.
5
Suppose 0 = 4*m - 2*o - 59 + 3, o = -5*m + 77. Let w = m - 3. Let n be 12/(-1)*2*-4. What is the highest common divisor of n and w?
12
Suppose 0 = 6*n - 4*n. Suppose 3*d + d = n. Suppose d*b + 5*b = 85. Calculate the greatest common factor of 136 and b.
17
Let c(k) be the second derivative of k**4/12 + 5*k**3/6 - 2*k**2 - k. Let p be c(-6). What is the greatest common divisor of 8 and p?
2
Suppose 4*a = 4*t - 68, 0 = t - 6*a + 2*a - 26. Calculate the highest common factor of 14 and t.
14
Let x be (1*-3)/(6/(-812)). Suppose 3*a - 2*y = x, 4*y + 211 = 3*a - 205. What is the greatest common factor of a and 12?
12
Suppose 3*m + 10*d - 347 = 5*d, 3*d = -m + 113. Let i(v) = -v**2 - 29*v - 37. Let u be i(-27). What is the highest common factor of m and u?
17
Let j(o) = 5 + 5*o + 0 - 3 - 3. Let u be j(1). What is the greatest common factor of 1 and u?
1
Suppose -2*y - 104 = -z, 0*y + 6 = -3*y. What is the greatest common factor of 25 and z?
25
Let c be (((-8)/(-10))/(-1))/(2/(-70)). What is the greatest common divisor of 7 and c?
7
Let o = -65 - -143. Calculate the highest common factor of o and 6.
6
Let l(j) = -13*j**2 + 9*j - 25. Let n(r) = -7*r**2 + 5*r - 13. Let p(x) = -6*l(x) + 11*n(x). Let o be p(0). Calculate the greatest common divisor of o and 7.
7
Suppose -3*j = 5*l - 41, -5*j + 5*l + 12 + 3 = 0. What is the highest common factor of j and 35?
7
Suppose 3*u = -2*w + 6*w + 63, u = -5*w + 21. Let a be ((-56)/(-70))/((-4)/(-30))*7. What is the greatest common divisor of a and u?
21
Let o = -27 - -37. Suppose 0 = 5*g - 3*g - 10. What is the greatest common divisor of g and o?
5
Let z be 7 - (-4991)/77 - (-2)/11. What is the highest common factor of 18 and z?
18
Let z = 149 + -63. Suppose -3*b + 373 = -z. Calculate the greatest common divisor of 17 and b.
17
Suppose -5*g - 2*x = -183, -2*g = -5*x + 7 - 57. Suppose 2*k - 39 + 13 = -2*v, v + g = 2*k. Calculate the greatest common divisor of k and 2.
2
Let w(n) = 0 - 15 + n + 2. Let a be w(11). Let v be 1 + (-27)/(a + -1). Calculate the highest common factor of 50 and v.
10
Let p = -18 - -28. Suppose 4 + 17 = 3*h. Let q be (-2)/h - 1686/(-21). What is the greatest common factor of q and p?
10
Let o be (8/12)/((-5)/(-90)). What is the highest common factor of o and 3?
3
Let w = -75 + 219. Let h(r) = 3*r**2 + 5*r + 4. Let n be h(-3). Calculate the highest common divisor of w and n.
16
Let q(w) = -7*w - 7. Let t be q(5). Let m be t/9*3/(-2). Calculate the highest common divisor of 77 and m.
7
Suppose -2*t = -0 - 56. What is the highest common factor of t and 70?
14
Suppose 3*d - 83 = x, 3*d + x - 53 - 32 = 0. Calculate the highest common factor of d and 280.
28
Suppose 0*d = 2*d - 4. Suppose -h = d + 2. Let q = h + 6. What is the greatest common divisor of q and 10?
2
Let s = 91 + -55. What is the highest common divisor of 12 and s?
12
Let b = 182 + -161. What is the greatest common factor of b and 14?
7
Let s(g) = -13 + g**2 - 3*g + 2 + 1. Let t be (-21)/(-2)*(-10)/15. Let p be s(t). Calculate the greatest common divisor of p and 12.
12
Suppose b + 2 - 12 = 0. Let n = -20 - -28. Suppose n*t = 5*p + 4*t - 105, -5*p - t = -130. Calculate the greatest common factor of b and p.
5
Suppose 0 = -2*r - 3*r + 130. What is the highest common divisor of 104 and r?
26
Let v = 11 + -11. Suppose q + 3*q - 28 = v. Let x = q + 25. Calculate the greatest common factor of x and 16.
16
Let r = 69 + -48. Let m = 32 - r. What is the greatest common factor of m and 77?
11
Suppose z = 5*z - 12. Calculate the greatest common divisor of z and 24.
3
Suppose -8*a = -9*a + 3. Calculate the highest common factor of a and 4.
1
Let z(y) = -y + 12. Let s(r) = -r**2 - r + 2. Let d be s(-2). Let x be z(d). Let h be (-2)/(1 - (-6)/(-4)). Calculate the greatest common factor of x and h.
4
Suppose 2*w = -5*f + 12, -3*w - 2*f = -w - 24. Calculate the greatest common divisor of w and 6.
2
Suppose 0*d - 5*s - 3 = d, -5*d = 5*s - 5. Suppose -6*y + 152 = -d*y. What is the greatest common factor of y and 95?
19
Let l = 26 - 46. Let m = l + 45. What is the highest common factor of 125 and m?
25
Suppose -2*f + 12 = 4. Let d be 2/(-11) + 79/11. Let i(w) = w - 6. Let o be i(d). What is the highest common divisor of f and o?
1
Suppose 4*y - 1 = -13. Let g = 0 - 5. Let u be g*(3/y)/1. Calculate the greatest common factor of 10 and u.
5
Suppose p - 15 = 3*w, -3*w + 93 = -p + 4*p. What is the highest common factor of 27 and p?
27
Let d be 46/3 - 1/3. Suppose 0 = 3*n + n + 4*r - 4, -2*n + 6 = 3*r. Let t be 42 - (-1 + 6/n). What is the highest common factor of t and d?
15
Let b = -21 - -39. Calculate the highest common divisor of 2 and b.
2
Suppose 46 = t - 26. Let a be (-1)/(-3) - 62/6. Let k be (-12)/a*(-15)/(-2). Calculate the highest common factor of t and k.
9
Let s be 5/(30/704) + 9/(-27). Calculate the highest common divisor of 13 and s.
13
Let j(g) = -17*g + 18. Let d be j(-6). Calculate the highest common factor of 24 and d.
24
Let m be 16*(2 + -1)/2. Suppose 5*q = m + 2. What is the greatest common factor of 2 and q?
2
Let m = 441 + -100. Calculate the greatest common factor of m and 31.
31
Suppose 0 = -4*w + w + 6, -4*n + 4*w = -60. What is the highest common factor of 221 and n?
17
Let j(p) = -9*p**2 - 4*p - 5. Let y be j(5). Let m = y - -382. Calculate the greatest common factor of m and 12.
12
Suppose -2*m + 194 = -0*m + 4*h, -4*m = 4*h - 392. Calculate the greatest common divisor of 11 and m.
11
Suppose 0 = -2*p - 4*y + 36, -3*p - 6*y + 4*y + 58 = 0. Let i be (-19 + -1)/((-2)/3). Calculate the greatest common divisor of p and i.
10
Suppose 0*z = 5*z - 200. What is the greatest common divisor of 360 and z?
40
Let k(q) = -q**3 - 9*q**2 - 7*q + 8. Let m be k(-8). Suppose -112 = -m*n - 4*n. Calculate the highest common divisor of n and 14.
14
Let r be ((-3)/1)/((-6)/72). Calculate the greatest common factor of 84 and r.
12
Let f = 5 - -13. What is the highest common divisor of f and 18?
18
Let u = 13 - 9. Suppose -2 = t - 0. Let f be (-48)/u*(1 + t). What is the highest common factor of 24 and f?
12
Let d be 16/(-6) - 8/(-12). Let o be 4/(-8)*47*d. Suppose -5*h + g + o = 0, -g + 74 = 5*h + 21. What is the greatest common divisor of h and 100?
10
Let w(c) = 6*c. Let f be w(5). Suppose -2*l = -3*z + 54, 3*z - 45 = 5*l - 0*l. Calculate the greatest common divisor of f and z.
10
Suppose 0 = 2*l - 5*l + d + 51, -4*d = 12. Calculate the highest common factor of 32 and l.
16
Suppose -v = -3 + 1. Suppose -q - 9 = -v*a, 4*q - 6 = a - 0*q. Suppose 0 = -3*j - a + 45. What is the highest common factor of j and 13?
13
Suppose b - 2*k = -8, 4*k = -3*b + k + 21. Suppose -4 + 8 = b*l. Suppose -r + l*r = 30. What is the greatest common divisor of 10 and